{"id":17004,"date":"2022-07-15T17:36:58","date_gmt":"2022-07-15T20:36:58","guid":{"rendered":"https:\/\/regispel.com\/cupom-campeao-instituto-cesar-cielo-2\/"},"modified":"2022-07-15T17:36:58","modified_gmt":"2022-07-15T20:36:58","slug":"cupom-campeao-instituto-cesar-cielo","status":"publish","type":"page","link":"https:\/\/regispel.com\/es\/cupom-campeao-instituto-cesar-cielo\/","title":{"rendered":"Cupom Campe\u00e3o &#8211; Instituto C\u00e9sar Cielo"},"content":{"rendered":"<div class=\"wpb-content-wrapper\"><p>[vc_row css_animation=\u00bb\u00bb row_type=\u00bbrow\u00bb use_row_as_full_screen_section=\u00bbno\u00bb type=\u00bbgrid\u00bb angled_section=\u00bbno\u00bb text_align=\u00bbleft\u00bb background_image_as_pattern=\u00bbwithout_pattern\u00bb z_index=\u00bb\u00bb padding_bottom=\u00bb100&#8243; css=\u00bb.vc_custom_1658544150461{margin-top: 50px !important;}\u00bb][vc_column width=\u00bb1\/2&#8243;][vc_column_text]<img loading=\"lazy\" decoding=\"async\" class=\"aligncenter wp-image-16116 size-full\" src=\"http:\/\/regispel.com\/wp-content\/uploads\/2022\/07\/1.0-Instituto-Cesar-Cielo-1.jpg\" alt=\"\" width=\"1000\" height=\"705\" srcset=\"https:\/\/regispel.com\/wp-content\/uploads\/2022\/07\/1.0-Instituto-Cesar-Cielo-1.jpg 1000w, https:\/\/regispel.com\/wp-content\/uploads\/2022\/07\/1.0-Instituto-Cesar-Cielo-1-300x212.jpg 300w, https:\/\/regispel.com\/wp-content\/uploads\/2022\/07\/1.0-Instituto-Cesar-Cielo-1-768x541.jpg 768w, https:\/\/regispel.com\/wp-content\/uploads\/2022\/07\/1.0-Instituto-Cesar-Cielo-1-700x494.jpg 700w\" sizes=\"auto, (max-width: 1000px) 100vw, 1000px\" \/><\/p>\n<p>&nbsp;<\/p>\n<p>Quem compra bobinas Regispel contribui com o desenvolvimento de crian\u00e7as e adolescentes atendidas pelo Instituto Cesar Cielo.<\/p>\n<p>&nbsp;<\/p>\n<p>A partir de agora, as bobinas t\u00e9rmicas que a Regispel comercializar nas cidades de Santa B\u00e1rbara do Oeste e regi\u00e3o ter\u00e1 um percentual do seu valor revertido para o ICC (Instituto Cesar Cielo) atrav\u00e9s do projeto Cupom Campe\u00e3o.<\/p>\n<p>&nbsp;<\/p>\n<p>Esta novidade estar\u00e1 impressa no verso de suas bobinas, assim seus clientes saber\u00e3o que voc\u00ea e sua empresa abra\u00e7am a causa s\u00f3cio esportiva junto ao p\u00fablico infanto-juvenil.<\/p>\n<p>&nbsp;<\/p>\n<p>O ICC \u00e9 uma associa\u00e7\u00e3o civil sem fins lucrativos criada pelo tricampe\u00e3o mundial de nata\u00e7\u00e3o Cesar Cielo. Seus objetivos s\u00e3o exclusivamente educacionais, esportivos e sociais, de car\u00e1ter filantr\u00f3pico. A miss\u00e3o do ICC \u00e9 incentivar e promover a pr\u00e1tica e o desenvolvimento da nata\u00e7\u00e3o brasileira.<\/p>\n<p>&nbsp;<\/p>\n<p>&nbsp;<\/p>\n<p><img loading=\"lazy\" decoding=\"async\" class=\"size-medium wp-image-16118 aligncenter\" src=\"http:\/\/regispel.com\/wp-content\/uploads\/2022\/07\/1.8-logo-cupom-ICC-1-300x137.jpg\" alt=\"\" width=\"300\" height=\"137\" srcset=\"https:\/\/regispel.com\/wp-content\/uploads\/2022\/07\/1.8-logo-cupom-ICC-1-300x137.jpg 300w, https:\/\/regispel.com\/wp-content\/uploads\/2022\/07\/1.8-logo-cupom-ICC-1-768x351.jpg 768w, https:\/\/regispel.com\/wp-content\/uploads\/2022\/07\/1.8-logo-cupom-ICC-1-700x320.jpg 700w, https:\/\/regispel.com\/wp-content\/uploads\/2022\/07\/1.8-logo-cupom-ICC-1.jpg 1000w\" sizes=\"auto, (max-width: 300px) 100vw, 300px\" \/>[\/vc_column_text][\/vc_column][vc_column width=\u00bb1\/2&#8243;][vc_column_text]<\/p>\n<h4><strong>Instituto Cesar Cielo: incentivo \u00e0 pr\u00e1tica e ao desenvolvimento da nata\u00e7\u00e3o brasileira<\/strong><\/h4>\n<p>&nbsp;<\/p>\n<p><strong><img loading=\"lazy\" decoding=\"async\" class=\"wp-image-16117 alignleft\" src=\"http:\/\/regispel.com\/wp-content\/uploads\/2022\/07\/1.8-Instituto-Cesar-Cielo-Logo-300x300.jpg\" alt=\"\" width=\"202\" height=\"202\" srcset=\"https:\/\/regispel.com\/wp-content\/uploads\/2022\/07\/1.8-Instituto-Cesar-Cielo-Logo-300x300.jpg 300w, https:\/\/regispel.com\/wp-content\/uploads\/2022\/07\/1.8-Instituto-Cesar-Cielo-Logo-150x150.jpg 150w, https:\/\/regispel.com\/wp-content\/uploads\/2022\/07\/1.8-Instituto-Cesar-Cielo-Logo-768x768.jpg 768w, https:\/\/regispel.com\/wp-content\/uploads\/2022\/07\/1.8-Instituto-Cesar-Cielo-Logo-570x570.jpg 570w, https:\/\/regispel.com\/wp-content\/uploads\/2022\/07\/1.8-Instituto-Cesar-Cielo-Logo-500x500.jpg 500w, https:\/\/regispel.com\/wp-content\/uploads\/2022\/07\/1.8-Instituto-Cesar-Cielo-Logo.jpg 1000w, https:\/\/regispel.com\/wp-content\/uploads\/2022\/07\/1.8-Instituto-Cesar-Cielo-Logo-700x700.jpg 700w\" sizes=\"auto, (max-width: 202px) 100vw, 202px\" \/><\/strong><\/p>\n<p>\u00danico campe\u00e3o ol\u00edmpico da nata\u00e7\u00e3o brasileira, Cesar Cielo tem um curr\u00edculo que o credencia a desenvolver projetos na modalidade. Al\u00e9m de tr\u00eas medalhas ol\u00edmpicas (Pequim\/2008 e Londres\/2012), conquistou 16 medalhas, sendo 11 delas de ouro. \u00c9 tricampe\u00e3o mundial dos 50 m livre e bicampe\u00e3o mundial dos 50 m borboleta e \u00e9 tamb\u00e9m o recordista mundial dos 50 m (20s91) e dos 100 m (46s91), no estilo livre. \u00c9 o mais r\u00e1pido do mundo tamb\u00e9m na era p\u00f3s-trajes (21s32). Soma, ainda, oito medalhas ganhas em Pan-Americanos (Rio\/2007 e Guadalajara\/2011), sete delas de ouro.<\/p>\n<p>&nbsp;<\/p>\n<p>Para dar sua contribui\u00e7\u00e3o ao desenvolvimento do esporte tamb\u00e9m fora das competi\u00e7\u00f5es, o campe\u00e3o criou o Instituto Cesar Cielo em 27 de maio de 2010, com a miss\u00e3o de incentivar e promover a pr\u00e1tica e o desenvolvimento da nata\u00e7\u00e3o brasileira. Presidido pelo m\u00e9dico pediatra Cesar Cielo, pai do nadador, os objetivos do Instituto, definidos em estatuto, s\u00e3o:<\/p>\n<p>&nbsp;<\/p>\n<ul>\n<li>Promover e incentivar a pr\u00e1tica e o desenvolvimento do esporte nacional;<\/li>\n<li>Empreender a\u00e7\u00f5es de divulga\u00e7\u00e3o do esporte nacional;<\/li>\n<li>Empreender a\u00e7\u00f5es para ampliar o acesso \u00e0 pr\u00e1tica esportiva de qualidade;<\/li>\n<li>Promover atividades esportivas, l\u00fadicas e de lazer que visem ao desenvolvimento do esporte nacional;<\/li>\n<li>Promover cursos, estudos, palestras e pesquisas;<\/li>\n<li>Promover o desenvolvimento cultural e social do Pa\u00eds;<\/li>\n<li>Celebrar conv\u00eanios, contratos e parcerias com entidades p\u00fablicas e particulares, nacionais e estrangeiras, objetivando alcan\u00e7ar os objetivos da Associa\u00e7\u00e3o;<\/li>\n<li>Organizar arquivo, biblioteca, banco de dados, videoteca ou outros sistemas de informa\u00e7\u00e3o especializados nas \u00e1reas relacionadas ao seu campo de atua\u00e7\u00e3o;<\/li>\n<li>Captar e gerir recursos destinados a viabilizar o desenvolvimento das a\u00e7\u00f5es pertinentes \u00e0 sua proposta de atua\u00e7\u00e3o e aos seus objetivos sociais.<\/li>\n<\/ul>\n<p>&nbsp;<\/p>\n<p>&nbsp;<\/p>\n<p>[\/vc_column_text][\/vc_column][\/vc_row][vc_row css_animation=\u00bbelement_from_fade\u00bb row_type=\u00bbrow\u00bb use_row_as_full_screen_section=\u00bbno\u00bb type=\u00bbgrid\u00bb angled_section=\u00bbno\u00bb text_align=\u00bbcenter\u00bb background_image_as_pattern=\u00bbwithout_pattern\u00bb background_color=\u00bb#f9f9f9&#8243; padding_top=\u00bb87&#8243; padding_bottom=\u00bb88&#8243; transition_delay=\u00bb150&#8243; css=\u00bb.vc_custom_1655506308318{background-color: #1e73be !important;}\u00bb z_index=\u00bb\u00bb][vc_column width=\u00bb2\/3&#8243;][vc_column_text]<\/p>\n<h3 style=\"text-align: right;\"><strong><span style=\"color: #ffffff;\">Solicite agora mesmo suas bobinas Regispel<\/span><\/strong><\/h3>\n<p>[\/vc_column_text][\/vc_column][vc_column css_animation=\u00bbnone\u00bb width=\u00bb1\/3&#8243;]<a  itemprop=\"url\" href=\"https:\/\/regispel.com\/comprar\/\" target=\"_self\"  class=\"qbutton  large white default\" style=\"\">COMPRE J\u00c1<\/a>[\/vc_column][\/vc_row]<\/p>\n<\/div>","protected":false},"excerpt":{"rendered":"<p>[vc_row css_animation=\u00bb\u00bb row_type=\u00bbrow\u00bb use_row_as_full_screen_section=\u00bbno\u00bb type=\u00bbgrid\u00bb angled_section=\u00bbno\u00bb text_align=\u00bbleft\u00bb background_image_as_pattern=\u00bbwithout_pattern\u00bb z_index=\u00bb\u00bb padding_bottom=\u00bb100&#8243; css=\u00bb.vc_custom_1658544150461{margin-top: 50px !important;}\u00bb][vc_column width=\u00bb1\/2&#8243;][vc_column_text] &nbsp; Quem compra bobinas Regispel contribui com o desenvolvimento de crian\u00e7as e adolescentes atendidas pelo Instituto Cesar Cielo. &nbsp; A partir de agora, as bobinas t\u00e9rmicas que a Regispel comercializar nas&#8230;<\/p>\n","protected":false},"author":1,"featured_media":16862,"parent":0,"menu_order":0,"comment_status":"open","ping_status":"closed","template":"full_width.php","meta":{"_monsterinsights_skip_tracking":false,"_monsterinsights_sitenote_active":false,"_monsterinsights_sitenote_note":"","_monsterinsights_sitenote_category":0,"footnotes":""},"class_list":["post-17004","page","type-page","status-publish","has-post-thumbnail","hentry"],"aioseo_notices":[],"_links":{"self":[{"href":"https:\/\/regispel.com\/es\/wp-json\/wp\/v2\/pages\/17004","targetHints":{"allow":["GET"]}}],"collection":[{"href":"https:\/\/regispel.com\/es\/wp-json\/wp\/v2\/pages"}],"about":[{"href":"https:\/\/regispel.com\/es\/wp-json\/wp\/v2\/types\/page"}],"author":[{"embeddable":true,"href":"https:\/\/regispel.com\/es\/wp-json\/wp\/v2\/users\/1"}],"replies":[{"embeddable":true,"href":"https:\/\/regispel.com\/es\/wp-json\/wp\/v2\/comments?post=17004"}],"version-history":[{"count":0,"href":"https:\/\/regispel.com\/es\/wp-json\/wp\/v2\/pages\/17004\/revisions"}],"wp:featuredmedia":[{"embeddable":true,"href":"https:\/\/regispel.com\/es\/wp-json\/wp\/v2\/media\/16862"}],"wp:attachment":[{"href":"https:\/\/regispel.com\/es\/wp-json\/wp\/v2\/media?parent=17004"}],"curies":[{"name":"wp","href":"https:\/\/api.w.org\/{rel}","templated":true}]}}

Cupom Campeão &#8211; Instituto César Cielo

<div class="wpb-content-wrapper"><p>[vc_row css_animation=»» row_type=»row» use_row_as_full_screen_section=»no» type=»grid» angled_section=»no» text_align=»left» background_image_as_pattern=»without_pattern» z_index=»» padding_bottom=»100&#8243; css=».vc_custom_1658544150461{margin-top: 50px !important;}»][vc_column width=»1/2&#8243;][vc_column_text]<img loading="lazy" decoding="async" class="aligncenter wp-image-16116 size-full" src="http://regispel.com/wp-content/uploads/2022/07/1.0-Instituto-Cesar-Cielo-1.jpg" alt="" width="1000" height="705" srcset="https://regispel.com/wp-content/uploads/2022/07/1.0-Instituto-Cesar-Cielo-1.jpg 1000w, https://regispel.com/wp-content/uploads/2022/07/1.0-Instituto-Cesar-Cielo-1-300x212.jpg 300w, https://regispel.com/wp-content/uploads/2022/07/1.0-Instituto-Cesar-Cielo-1-768x541.jpg 768w, https://regispel.com/wp-content/uploads/2022/07/1.0-Instituto-Cesar-Cielo-1-700x494.jpg 700w" sizes="auto, (max-width: 1000px) 100vw, 1000px" /></p>
<p>&nbsp;</p>
<p>Quem compra bobinas Regispel contribui com o desenvolvimento de crianças e adolescentes atendidas pelo Instituto Cesar Cielo.</p>
<p>&nbsp;</p>
<p>A partir de agora, as bobinas térmicas que a Regispel comercializar nas cidades de Santa Bárbara do Oeste e região terá um percentual do seu valor revertido para o ICC (Instituto Cesar Cielo) através do projeto Cupom Campeão.</p>
<p>&nbsp;</p>
<p>Esta novidade estará impressa no verso de suas bobinas, assim seus clientes saberão que você e sua empresa abraçam a causa sócio esportiva junto ao público infanto-juvenil.</p>
<p>&nbsp;</p>
<p>O ICC é uma associação civil sem fins lucrativos criada pelo tricampeão mundial de natação Cesar Cielo. Seus objetivos são exclusivamente educacionais, esportivos e sociais, de caráter filantrópico. A missão do ICC é incentivar e promover a prática e o desenvolvimento da natação brasileira.</p>
<p>&nbsp;</p>
<p>&nbsp;</p>
<p><img loading="lazy" decoding="async" class="size-medium wp-image-16118 aligncenter" src="http://regispel.com/wp-content/uploads/2022/07/1.8-logo-cupom-ICC-1-300x137.jpg" alt="" width="300" height="137" srcset="https://regispel.com/wp-content/uploads/2022/07/1.8-logo-cupom-ICC-1-300x137.jpg 300w, https://regispel.com/wp-content/uploads/2022/07/1.8-logo-cupom-ICC-1-768x351.jpg 768w, https://regispel.com/wp-content/uploads/2022/07/1.8-logo-cupom-ICC-1-700x320.jpg 700w, https://regispel.com/wp-content/uploads/2022/07/1.8-logo-cupom-ICC-1.jpg 1000w" sizes="auto, (max-width: 300px) 100vw, 300px" />[/vc_column_text][/vc_column][vc_column width=»1/2&#8243;][vc_column_text]</p>
<h4><strong>Instituto Cesar Cielo: incentivo à prática e ao desenvolvimento da natação brasileira</strong></h4>
<p>&nbsp;</p>
<p><strong><img loading="lazy" decoding="async" class="wp-image-16117 alignleft" src="http://regispel.com/wp-content/uploads/2022/07/1.8-Instituto-Cesar-Cielo-Logo-300x300.jpg" alt="" width="202" height="202" srcset="https://regispel.com/wp-content/uploads/2022/07/1.8-Instituto-Cesar-Cielo-Logo-300x300.jpg 300w, https://regispel.com/wp-content/uploads/2022/07/1.8-Instituto-Cesar-Cielo-Logo-150x150.jpg 150w, https://regispel.com/wp-content/uploads/2022/07/1.8-Instituto-Cesar-Cielo-Logo-768x768.jpg 768w, https://regispel.com/wp-content/uploads/2022/07/1.8-Instituto-Cesar-Cielo-Logo-570x570.jpg 570w, https://regispel.com/wp-content/uploads/2022/07/1.8-Instituto-Cesar-Cielo-Logo-500x500.jpg 500w, https://regispel.com/wp-content/uploads/2022/07/1.8-Instituto-Cesar-Cielo-Logo.jpg 1000w, https://regispel.com/wp-content/uploads/2022/07/1.8-Instituto-Cesar-Cielo-Logo-700x700.jpg 700w" sizes="auto, (max-width: 202px) 100vw, 202px" /></strong></p>
<p>Único campeão olímpico da natação brasileira, Cesar Cielo tem um currículo que o credencia a desenvolver projetos na modalidade. Além de três medalhas olímpicas (Pequim/2008 e Londres/2012), conquistou 16 medalhas, sendo 11 delas de ouro. É tricampeão mundial dos 50 m livre e bicampeão mundial dos 50 m borboleta e é também o recordista mundial dos 50 m (20s91) e dos 100 m (46s91), no estilo livre. É o mais rápido do mundo também na era pós-trajes (21s32). Soma, ainda, oito medalhas ganhas em Pan-Americanos (Rio/2007 e Guadalajara/2011), sete delas de ouro.</p>
<p>&nbsp;</p>
<p>Para dar sua contribuição ao desenvolvimento do esporte também fora das competições, o campeão criou o Instituto Cesar Cielo em 27 de maio de 2010, com a missão de incentivar e promover a prática e o desenvolvimento da natação brasileira. Presidido pelo médico pediatra Cesar Cielo, pai do nadador, os objetivos do Instituto, definidos em estatuto, são:</p>
<p>&nbsp;</p>
<ul>
<li>Promover e incentivar a prática e o desenvolvimento do esporte nacional;</li>
<li>Empreender ações de divulgação do esporte nacional;</li>
<li>Empreender ações para ampliar o acesso à prática esportiva de qualidade;</li>
<li>Promover atividades esportivas, lúdicas e de lazer que visem ao desenvolvimento do esporte nacional;</li>
<li>Promover cursos, estudos, palestras e pesquisas;</li>
<li>Promover o desenvolvimento cultural e social do País;</li>
<li>Celebrar convênios, contratos e parcerias com entidades públicas e particulares, nacionais e estrangeiras, objetivando alcançar os objetivos da Associação;</li>
<li>Organizar arquivo, biblioteca, banco de dados, videoteca ou outros sistemas de informação especializados nas áreas relacionadas ao seu campo de atuação;</li>
<li>Captar e gerir recursos destinados a viabilizar o desenvolvimento das ações pertinentes à sua proposta de atuação e aos seus objetivos sociais.</li>
</ul>
<p>&nbsp;</p>
<p>&nbsp;</p>
<p>[/vc_column_text][/vc_column][/vc_row][vc_row css_animation=»element_from_fade» row_type=»row» use_row_as_full_screen_section=»no» type=»grid» angled_section=»no» text_align=»center» background_image_as_pattern=»without_pattern» background_color=»#f9f9f9&#8243; padding_top=»87&#8243; padding_bottom=»88&#8243; transition_delay=»150&#8243; css=».vc_custom_1655506308318{background-color: #1e73be !important;}» z_index=»»][vc_column width=»2/3&#8243;][vc_column_text]</p>
<h3 style="text-align: right;"><strong><span style="color: #ffffff;">Solicite agora mesmo suas bobinas Regispel</span></strong></h3>
<p>[/vc_column_text][/vc_column][vc_column css_animation=»none» width=»1/3&#8243;]<a  itemprop="url" href="https://regispel.com/comprar/" target="_self"  class="qbutton  large white default" style="">COMPRE JÁ</a>[/vc_column][/vc_row]</p>
</div>

<p>[vc_row css_animation=»» row_type=»row» use_row_as_full_screen_section=»no» type=»grid» angled_section=»no» text_align=»left» background_image_as_pattern=»without_pattern» z_index=»» padding_bottom=»100&#8243; css=».vc_custom_1658544150461{margin-top: 50px !important;}»][vc_column width=»1/2&#8243;][vc_column_text] &nbsp; Quem compra bobinas Regispel contribui com o desenvolvimento de crianças e adolescentes atendidas pelo Instituto Cesar Cielo. &nbsp; A partir de agora, as bobinas térmicas que a Regispel comercializar nas&#8230;</p>
