{"id":17597,"date":"2022-07-15T17:36:58","date_gmt":"2022-07-15T20:36:58","guid":{"rendered":"https:\/\/regispel.com\/?page_id=17597"},"modified":"2022-08-20T16:03:50","modified_gmt":"2022-08-20T19:03:50","slug":"instituto-cesar-cielo","status":"publish","type":"page","link":"https:\/\/regispel.com\/es\/instituto-cesar-cielo\/","title":{"rendered":"Instituto Cesar Cielo"},"content":{"rendered":"<div class=\"wpb-content-wrapper\"><p>[vc_row css_animation=\u00bb\u00bb row_type=\u00bbrow\u00bb use_row_as_full_screen_section=\u00bbno\u00bb type=\u00bbgrid\u00bb angled_section=\u00bbno\u00bb text_align=\u00bbleft\u00bb background_image_as_pattern=\u00bbwithout_pattern\u00bb z_index=\u00bb\u00bb padding_bottom=\u00bb100&#8243; css=\u00bb.vc_custom_1658544150461{margin-top: 50px !important;}\u00bb][vc_column width=\u00bb1\/2&#8243;][vc_column_text]<img loading=\"lazy\" decoding=\"async\" class=\"aligncenter wp-image-16116 size-full\" src=\"http:\/\/regispel.com\/wp-content\/uploads\/2022\/07\/1.0-Instituto-Cesar-Cielo-1.jpg\" alt=\"\" width=\"1000\" height=\"705\" srcset=\"https:\/\/regispel.com\/wp-content\/uploads\/2022\/07\/1.0-Instituto-Cesar-Cielo-1.jpg 1000w, https:\/\/regispel.com\/wp-content\/uploads\/2022\/07\/1.0-Instituto-Cesar-Cielo-1-300x212.jpg 300w, https:\/\/regispel.com\/wp-content\/uploads\/2022\/07\/1.0-Instituto-Cesar-Cielo-1-768x541.jpg 768w, https:\/\/regispel.com\/wp-content\/uploads\/2022\/07\/1.0-Instituto-Cesar-Cielo-1-700x494.jpg 700w\" sizes=\"auto, (max-width: 1000px) 100vw, 1000px\" \/><\/p>\n<p>&nbsp;<\/p>\n<p>Quien compra carretes Regispel contribuye al desarrollo de los ni\u00f1os y adolescentes atendidos por el Instituto Cesar Cielo.<\/p>\n<p>&nbsp;<\/p>\n<p>A partir de ahora, las bobinas t\u00e9rmicas que Regispel comercializa en los municipios de Santa B\u00e1rbara do Oeste y regi\u00f3n tendr\u00e1n un porcentaje de su valor revertido al ICC (Instituto Cesar Cielo) a trav\u00e9s del proyecto Cup\u00f3n Campe\u00e3o.<\/p>\n<p>&nbsp;<\/p>\n<p>Esta novedad estar\u00e1 impresa en el reverso de sus carretes, para que sus clientes sepan que usted y su empresa abrazan la causa sociodeportiva con el p\u00fablico infantil y juvenil.<\/p>\n<p>&nbsp;<\/p>\n<p>La ICC es una asociaci\u00f3n civil sin fines de lucro creada por el tricampe\u00f3n mundial de nataci\u00f3n C\u00e9sar Cielo. Sus objetivos son exclusivamente educativos, deportivos y sociales, de car\u00e1cter filantr\u00f3pico. La misi\u00f3n de la ICC es incentivar y promover la pr\u00e1ctica y el desarrollo de la nataci\u00f3n brasile\u00f1a.<\/p>\n<p>&nbsp;<\/p>\n<p>&nbsp;<\/p>\n<p><img loading=\"lazy\" decoding=\"async\" class=\"size-medium wp-image-16118 aligncenter\" src=\"http:\/\/regispel.com\/wp-content\/uploads\/2022\/07\/1.8-logo-cupom-ICC-1-300x137.jpg\" alt=\"\" width=\"300\" height=\"137\" srcset=\"https:\/\/regispel.com\/wp-content\/uploads\/2022\/07\/1.8-logo-cupom-ICC-1-300x137.jpg 300w, https:\/\/regispel.com\/wp-content\/uploads\/2022\/07\/1.8-logo-cupom-ICC-1-768x351.jpg 768w, https:\/\/regispel.com\/wp-content\/uploads\/2022\/07\/1.8-logo-cupom-ICC-1-700x320.jpg 700w, https:\/\/regispel.com\/wp-content\/uploads\/2022\/07\/1.8-logo-cupom-ICC-1.jpg 1000w\" sizes=\"auto, (max-width: 300px) 100vw, 300px\" \/>[\/vc_column_text][\/vc_column][vc_column width=\u00bb1\/2&#8243;][vc_column_text]<strong>Instituto Cesar Cielo: Incentivando la pr\u00e1ctica y el desarrollo de la nataci\u00f3n brasile\u00f1a<\/strong><\/p>\n<p>&nbsp;<\/p>\n<p><strong><img loading=\"lazy\" decoding=\"async\" class=\"wp-image-16117 alignleft\" src=\"http:\/\/regispel.com\/wp-content\/uploads\/2022\/07\/1.8-Instituto-Cesar-Cielo-Logo-300x300.jpg\" alt=\"\" width=\"202\" height=\"202\" srcset=\"https:\/\/regispel.com\/wp-content\/uploads\/2022\/07\/1.8-Instituto-Cesar-Cielo-Logo-300x300.jpg 300w, https:\/\/regispel.com\/wp-content\/uploads\/2022\/07\/1.8-Instituto-Cesar-Cielo-Logo-150x150.jpg 150w, https:\/\/regispel.com\/wp-content\/uploads\/2022\/07\/1.8-Instituto-Cesar-Cielo-Logo-768x768.jpg 768w, https:\/\/regispel.com\/wp-content\/uploads\/2022\/07\/1.8-Instituto-Cesar-Cielo-Logo-570x570.jpg 570w, https:\/\/regispel.com\/wp-content\/uploads\/2022\/07\/1.8-Instituto-Cesar-Cielo-Logo-500x500.jpg 500w, https:\/\/regispel.com\/wp-content\/uploads\/2022\/07\/1.8-Instituto-Cesar-Cielo-Logo.jpg 1000w, https:\/\/regispel.com\/wp-content\/uploads\/2022\/07\/1.8-Instituto-Cesar-Cielo-Logo-700x700.jpg 700w\" sizes=\"auto, (max-width: 202px) 100vw, 202px\" \/><\/strong><\/p>\n<p>\u00danico campe\u00f3n ol\u00edmpico de nataci\u00f3n brasile\u00f1a, Cesar Cielo tiene un curr\u00edculum que lo califica para desarrollar proyectos en el deporte. Adem\u00e1s de tres medallas ol\u00edmpicas (Pek\u00edn\/2008 y Londres\/2012), gan\u00f3 16 medallas, 11 de las cuales fueron de oro. Es tres veces campe\u00f3n del mundo en los 50 m estilo libre y dos veces campe\u00f3n del mundo en los 50 m mariposa y tambi\u00e9n posee el r\u00e9cord mundial en los 50 m (20,91) y 100 m (46,91) en estilo libre. Tambi\u00e9n es el m\u00e1s r\u00e1pido del mundo en la era post-disfraz (21s32). Tambi\u00e9n tiene ocho medallas ganadas en Juegos Panamericanos (R\u00edo\/2007 y Guadalajara\/2011), siete de ellas de oro.<\/p>\n<p>&nbsp;<\/p>\n<p>Para hacer su contribuci\u00f3n al desarrollo del deporte tambi\u00e9n fuera de las competencias, el campe\u00f3n cre\u00f3 el Instituto Cesar Cielo el 27 de mayo de 2010, con la misi\u00f3n de incentivar y promover la pr\u00e1ctica y el desarrollo de la nataci\u00f3n brasile\u00f1a. Presidido por el m\u00e9dico pediatra C\u00e9sar Cielo, padre del nadador, los objetivos del Instituto, definidos en el estatuto, son:<\/p>\n<ul>\n<li>Promover y fomentar la pr\u00e1ctica y desarrollo del deporte nacional;<\/li>\n<li>Realizar acciones de divulgaci\u00f3n del deporte nacional;<\/li>\n<li>Emprender acciones para ampliar el acceso a deportes de calidad;<\/li>\n<li>Promover actividades deportivas, de entretenimiento y esparcimiento encaminadas al desarrollo del deporte nacional;<\/li>\n<li>Promover cursos, estudios, conferencias e investigaciones;<\/li>\n<li>Promover el desarrollo cultural y social del Pa\u00eds;<\/li>\n<li>Celebrar convenios, contratos y alianzas con entidades p\u00fablicas y privadas, nacionales y extranjeras, a fin de lograr los fines de la Asociaci\u00f3n;<\/li>\n<li>Organizar un archivo, biblioteca, base de datos, videoteca u otros sistemas de informaci\u00f3n especializados en \u00e1reas afines a su campo de actividad;<\/li>\n<li>Captar y administrar los recursos destinados a posibilitar el desarrollo de acciones pertinentes a su acci\u00f3n propuesta y sus objetivos sociales.<\/li>\n<\/ul>\n<p>[\/vc_column_text][\/vc_column][\/vc_row][vc_row css_animation=\u00bbelement_from_fade\u00bb row_type=\u00bbrow\u00bb use_row_as_full_screen_section=\u00bbno\u00bb type=\u00bbgrid\u00bb angled_section=\u00bbno\u00bb text_align=\u00bbcenter\u00bb background_image_as_pattern=\u00bbwithout_pattern\u00bb background_color=\u00bb#f9f9f9&#8243; padding_top=\u00bb87&#8243; padding_bottom=\u00bb88&#8243; transition_delay=\u00bb150&#8243; css=\u00bb.vc_custom_1655506308318{background-color: #1e73be !important;}\u00bb z_index=\u00bb\u00bb][vc_column width=\u00bb2\/3&#8243;][vc_column_text]<\/p>\n<h3 style=\"text-align: right;\"><strong><span style=\"color: #ffffff;\">Pide tus bobinas Regispel ahora<\/span><\/strong><\/h3>\n<p>[\/vc_column_text][\/vc_column][vc_column css_animation=\u00bbnone\u00bb width=\u00bb1\/3&#8243;]<a  itemprop=\"url\" href=\"https:\/\/regispel.com\/comprar\/\" target=\"_self\"  class=\"qbutton  large white default\" style=\"\">COMPRE YA<\/a>[\/vc_column][\/vc_row]<\/p>\n<\/div>","protected":false},"excerpt":{"rendered":"<p>[vc_row css_animation=\u00bb\u00bb row_type=\u00bbrow\u00bb use_row_as_full_screen_section=\u00bbno\u00bb type=\u00bbgrid\u00bb angled_section=\u00bbno\u00bb text_align=\u00bbleft\u00bb background_image_as_pattern=\u00bbwithout_pattern\u00bb z_index=\u00bb\u00bb padding_bottom=\u00bb100&#8243; css=\u00bb.vc_custom_1658544150461{margin-top: 50px !important;}\u00bb][vc_column width=\u00bb1\/2&#8243;][vc_column_text] &nbsp; Quien compra carretes Regispel contribuye al desarrollo de los ni\u00f1os y adolescentes atendidos por el Instituto Cesar Cielo. &nbsp; A partir de ahora, las bobinas t\u00e9rmicas que Regispel comercializa en&#8230;<\/p>\n","protected":false},"author":1,"featured_media":16862,"parent":0,"menu_order":0,"comment_status":"open","ping_status":"closed","template":"full_width.php","meta":{"_monsterinsights_skip_tracking":false,"_monsterinsights_sitenote_active":false,"_monsterinsights_sitenote_note":"","_monsterinsights_sitenote_category":0,"footnotes":""},"class_list":["post-17597","page","type-page","status-publish","has-post-thumbnail","hentry"],"aioseo_notices":[],"_links":{"self":[{"href":"https:\/\/regispel.com\/es\/wp-json\/wp\/v2\/pages\/17597","targetHints":{"allow":["GET"]}}],"collection":[{"href":"https:\/\/regispel.com\/es\/wp-json\/wp\/v2\/pages"}],"about":[{"href":"https:\/\/regispel.com\/es\/wp-json\/wp\/v2\/types\/page"}],"author":[{"embeddable":true,"href":"https:\/\/regispel.com\/es\/wp-json\/wp\/v2\/users\/1"}],"replies":[{"embeddable":true,"href":"https:\/\/regispel.com\/es\/wp-json\/wp\/v2\/comments?post=17597"}],"version-history":[{"count":3,"href":"https:\/\/regispel.com\/es\/wp-json\/wp\/v2\/pages\/17597\/revisions"}],"predecessor-version":[{"id":17600,"href":"https:\/\/regispel.com\/es\/wp-json\/wp\/v2\/pages\/17597\/revisions\/17600"}],"wp:featuredmedia":[{"embeddable":true,"href":"https:\/\/regispel.com\/es\/wp-json\/wp\/v2\/media\/16862"}],"wp:attachment":[{"href":"https:\/\/regispel.com\/es\/wp-json\/wp\/v2\/media?parent=17597"}],"curies":[{"name":"wp","href":"https:\/\/api.w.org\/{rel}","templated":true}]}}

<div class="wpb-content-wrapper"><p>[vc_row css_animation=»» row_type=»row» use_row_as_full_screen_section=»no» type=»grid» angled_section=»no» text_align=»left» background_image_as_pattern=»without_pattern» z_index=»» padding_bottom=»100&#8243; css=».vc_custom_1658544150461{margin-top: 50px !important;}»][vc_column width=»1/2&#8243;][vc_column_text]<img loading="lazy" decoding="async" class="aligncenter wp-image-16116 size-full" src="http://regispel.com/wp-content/uploads/2022/07/1.0-Instituto-Cesar-Cielo-1.jpg" alt="" width="1000" height="705" srcset="https://regispel.com/wp-content/uploads/2022/07/1.0-Instituto-Cesar-Cielo-1.jpg 1000w, https://regispel.com/wp-content/uploads/2022/07/1.0-Instituto-Cesar-Cielo-1-300x212.jpg 300w, https://regispel.com/wp-content/uploads/2022/07/1.0-Instituto-Cesar-Cielo-1-768x541.jpg 768w, https://regispel.com/wp-content/uploads/2022/07/1.0-Instituto-Cesar-Cielo-1-700x494.jpg 700w" sizes="auto, (max-width: 1000px) 100vw, 1000px" /></p>
<p>&nbsp;</p>
<p>Quien compra carretes Regispel contribuye al desarrollo de los niños y adolescentes atendidos por el Instituto Cesar Cielo.</p>
<p>&nbsp;</p>
<p>A partir de ahora, las bobinas térmicas que Regispel comercializa en los municipios de Santa Bárbara do Oeste y región tendrán un porcentaje de su valor revertido al ICC (Instituto Cesar Cielo) a través del proyecto Cupón Campeão.</p>
<p>&nbsp;</p>
<p>Esta novedad estará impresa en el reverso de sus carretes, para que sus clientes sepan que usted y su empresa abrazan la causa sociodeportiva con el público infantil y juvenil.</p>
<p>&nbsp;</p>
<p>La ICC es una asociación civil sin fines de lucro creada por el tricampeón mundial de natación César Cielo. Sus objetivos son exclusivamente educativos, deportivos y sociales, de carácter filantrópico. La misión de la ICC es incentivar y promover la práctica y el desarrollo de la natación brasileña.</p>
<p>&nbsp;</p>
<p>&nbsp;</p>
<p><img loading="lazy" decoding="async" class="size-medium wp-image-16118 aligncenter" src="http://regispel.com/wp-content/uploads/2022/07/1.8-logo-cupom-ICC-1-300x137.jpg" alt="" width="300" height="137" srcset="https://regispel.com/wp-content/uploads/2022/07/1.8-logo-cupom-ICC-1-300x137.jpg 300w, https://regispel.com/wp-content/uploads/2022/07/1.8-logo-cupom-ICC-1-768x351.jpg 768w, https://regispel.com/wp-content/uploads/2022/07/1.8-logo-cupom-ICC-1-700x320.jpg 700w, https://regispel.com/wp-content/uploads/2022/07/1.8-logo-cupom-ICC-1.jpg 1000w" sizes="auto, (max-width: 300px) 100vw, 300px" />[/vc_column_text][/vc_column][vc_column width=»1/2&#8243;][vc_column_text]<strong>Instituto Cesar Cielo: Incentivando la práctica y el desarrollo de la natación brasileña</strong></p>
<p>&nbsp;</p>
<p><strong><img loading="lazy" decoding="async" class="wp-image-16117 alignleft" src="http://regispel.com/wp-content/uploads/2022/07/1.8-Instituto-Cesar-Cielo-Logo-300x300.jpg" alt="" width="202" height="202" srcset="https://regispel.com/wp-content/uploads/2022/07/1.8-Instituto-Cesar-Cielo-Logo-300x300.jpg 300w, https://regispel.com/wp-content/uploads/2022/07/1.8-Instituto-Cesar-Cielo-Logo-150x150.jpg 150w, https://regispel.com/wp-content/uploads/2022/07/1.8-Instituto-Cesar-Cielo-Logo-768x768.jpg 768w, https://regispel.com/wp-content/uploads/2022/07/1.8-Instituto-Cesar-Cielo-Logo-570x570.jpg 570w, https://regispel.com/wp-content/uploads/2022/07/1.8-Instituto-Cesar-Cielo-Logo-500x500.jpg 500w, https://regispel.com/wp-content/uploads/2022/07/1.8-Instituto-Cesar-Cielo-Logo.jpg 1000w, https://regispel.com/wp-content/uploads/2022/07/1.8-Instituto-Cesar-Cielo-Logo-700x700.jpg 700w" sizes="auto, (max-width: 202px) 100vw, 202px" /></strong></p>
<p>Único campeón olímpico de natación brasileña, Cesar Cielo tiene un currículum que lo califica para desarrollar proyectos en el deporte. Además de tres medallas olímpicas (Pekín/2008 y Londres/2012), ganó 16 medallas, 11 de las cuales fueron de oro. Es tres veces campeón del mundo en los 50 m estilo libre y dos veces campeón del mundo en los 50 m mariposa y también posee el récord mundial en los 50 m (20,91) y 100 m (46,91) en estilo libre. También es el más rápido del mundo en la era post-disfraz (21s32). También tiene ocho medallas ganadas en Juegos Panamericanos (Río/2007 y Guadalajara/2011), siete de ellas de oro.</p>
<p>&nbsp;</p>
<p>Para hacer su contribución al desarrollo del deporte también fuera de las competencias, el campeón creó el Instituto Cesar Cielo el 27 de mayo de 2010, con la misión de incentivar y promover la práctica y el desarrollo de la natación brasileña. Presidido por el médico pediatra César Cielo, padre del nadador, los objetivos del Instituto, definidos en el estatuto, son:</p>
<ul>
<li>Promover y fomentar la práctica y desarrollo del deporte nacional;</li>
<li>Realizar acciones de divulgación del deporte nacional;</li>
<li>Emprender acciones para ampliar el acceso a deportes de calidad;</li>
<li>Promover actividades deportivas, de entretenimiento y esparcimiento encaminadas al desarrollo del deporte nacional;</li>
<li>Promover cursos, estudios, conferencias e investigaciones;</li>
<li>Promover el desarrollo cultural y social del País;</li>
<li>Celebrar convenios, contratos y alianzas con entidades públicas y privadas, nacionales y extranjeras, a fin de lograr los fines de la Asociación;</li>
<li>Organizar un archivo, biblioteca, base de datos, videoteca u otros sistemas de información especializados en áreas afines a su campo de actividad;</li>
<li>Captar y administrar los recursos destinados a posibilitar el desarrollo de acciones pertinentes a su acción propuesta y sus objetivos sociales.</li>
</ul>
<p>[/vc_column_text][/vc_column][/vc_row][vc_row css_animation=»element_from_fade» row_type=»row» use_row_as_full_screen_section=»no» type=»grid» angled_section=»no» text_align=»center» background_image_as_pattern=»without_pattern» background_color=»#f9f9f9&#8243; padding_top=»87&#8243; padding_bottom=»88&#8243; transition_delay=»150&#8243; css=».vc_custom_1655506308318{background-color: #1e73be !important;}» z_index=»»][vc_column width=»2/3&#8243;][vc_column_text]</p>
<h3 style="text-align: right;"><strong><span style="color: #ffffff;">Pide tus bobinas Regispel ahora</span></strong></h3>
<p>[/vc_column_text][/vc_column][vc_column css_animation=»none» width=»1/3&#8243;]<a  itemprop="url" href="https://regispel.com/comprar/" target="_self"  class="qbutton  large white default" style="">COMPRE YA</a>[/vc_column][/vc_row]</p>
</div>

<p>[vc_row css_animation=»» row_type=»row» use_row_as_full_screen_section=»no» type=»grid» angled_section=»no» text_align=»left» background_image_as_pattern=»without_pattern» z_index=»» padding_bottom=»100&#8243; css=».vc_custom_1658544150461{margin-top: 50px !important;}»][vc_column width=»1/2&#8243;][vc_column_text] &nbsp; Quien compra carretes Regispel contribuye al desarrollo de los niños y adolescentes atendidos por el Instituto Cesar Cielo. &nbsp; A partir de ahora, las bobinas térmicas que Regispel comercializa en&#8230;</p>
